lse
Is 59595359 prime?
True
Is 26780755783 prime?
True
Is 35952719689 composite?
False
Is 460402259 composite?
False
Is 7714053199 a prime number?
False
Is 3349513267 composite?
False
Is 187769137 a prime number?
True
Is 11052137857 a composite number?
False
Is 987451897 a prime number?
False
Is 68742283627 prime?
True
Is 107047921 a composite number?
True
Is 377241379 composite?
False
Is 572009237 a composite number?
True
Is 48925877071 prime?
False
Is 3152094031 a prime number?
True
Is 827636929 a prime number?
False
Is 1724722221 prime?
False
Is 19790164699 a composite number?
False
Is 752922523 prime?
True
Is 6158818271 a composite number?
False
Is 5318949731 a composite number?
True
Is 761656043 a composite number?
True
Is 3675054071 prime?
False
Is 6331110823 a composite number?
True
Is 4222244483 a composite number?
True
Is 878047939 composite?
True
Is 4676473453 composite?
False
Is 4209373754 prime?
False
Is 394884089 a prime number?
False
Is 92000599 composite?
False
Is 45626518555 a prime number?
False
Is 811609751 composite?
True
Is 26219654833 composite?
False
Is 16970241193 a prime number?
False
Is 83322121 composite?
True
Is 2514826907 a composite number?
False
Is 22912379251 a prime number?
False
Is 2955765047 prime?
True
Is 1408046749 composite?
False
Is 322069166281 a prime number?
False
Is 2801552023 a prime number?
False
Is 3552740791 composite?
True
Is 674099869 a composite number?
True
Is 1633429441 prime?
False
Is 3010958619 a composite number?
True
Is 123093930679 prime?
True
Is 7725715103 a composite number?
True
Is 412137599 composite?
False
Is 2905557297 a prime number?
False
Is 1746889 prime?
False
Is 787684523 a prime number?
False
Is 349213987 a prime number?
False
Is 3871316999 a prime number?
False
Is 135433447 a composite number?
False
Is 2212056991 prime?
False
Is 17838476561 prime?
True
Is 114463400797 a prime number?
True
Is 19972433219 composite?
True
Is 8765164423 a prime number?
False
Is 564711601 a composite number?
True
Is 23836321273 prime?
True
Is 42650038597 composite?
False
Is 525479190121 prime?
True
Is 302347973 a prime number?
True
Is 10201676317 a prime number?
False
Is 13953109943 composite?
False
Is 162725611 a prime number?
False
Is 748615963 a composite number?
True
Is 2900990003 a composite number?
False
Is 4145149667 composite?
True
Is 24735487201 a composite number?
False
Is 50011941053 a composite number?
False
Is 10547650171 a composite number?
False
Is 17927677613 composite?
False
Is 4893091727 composite?
False
Is 727993967 prime?
True
Is 294715781 a prime number?
False
Is 1126625883 a composite number?
True
Is 22381172657 a composite number?
True
Is 23133785261 a prime number?
True
Is 19039384009 prime?
False
Is 14416331843 a composite number?
True
Is 2883770807 prime?
False
Is 862240999 a composite number?
False
Is 1234665361 a composite number?
False
Is 3499179679 a composite number?
True
Is 8339497357 prime?
False
Is 6217536473 a composite number?
True
Is 8887528249 a prime number?
False
Is 104207429743 a composite number?
False
Is 244064591 prime?
True
Is 1094643401 composite?
True
Is 4728031927 a composite number?
False
Is 335451329 prime?
True
Is 3238900789 prime?
True
Is 5029140911 a composite number?
False
Is 383887051 prime?
True
Is 49450109 a composite number?
False
Is 343695413 a prime number?
True
Is 3074965781 composite?
False
Is 35323871993 a prime number?
False
Is 22465453009 composite?
False
Is 97750698911 a composite number?
False
Is 768612913 composite?
True
Is 13265617583 composite?
False
Is 1328024573 composite?
False
Is 40588190189 prime?
False
Is 22454112763 prime?
False
Is 1793818385 a prime number?
False
Is 2378552273 composite?
False
Is 4997659 a composite number?
False
Is 26371371179 a composite number?
True
Is 808699403 prime?
False
Is 1797641161 prime?
True
Is 511243217 prime?
True
Is 2223954701 composite?
False
Is 68753748611 composite?
True
Is 3229650473 a prime number?
False
Is 514168429 a composite number?
False
Is 1975455357 a composite number?
True
Is 909147737 a composite number?
False
Is 82731733 a composite number?
True
Is 57696007 prime?
True
Is 2027382421 a prime number?
True
Is 1887446003 a composite number?
True
Is 37230146269 a prime number?
True
Is 1982268979 prime?
True
Is 167074757 prime?
True
Is 3117122959 a composite number?
False
Is 36096775177 a prime number?
True
Is 4457174693 a composite number?
False
Is 16444492939 a composite number?
True
Is 10803241469 composite?
False
Is 8023421597 a prime number?
True
Is 50755688677 composite?
False
Is 1696779089 composite?
False
Is 945541711 a prime number?
False
Is 39442189 prime?
True
Is 6536353111 a prime number?
True
Is 28392347467 a prime number?
False
Is 21942947219 prime?
True
Is 3259213369 prime?
False
Is 4368392909 a prime number?
True
Is 3736544369 a prime number?
True
Is 20689491019 composite?
False
Is 3032146879 composite?
True
Is 1342178599 composite?
False
Is 50891200439 composite?
False
Is 2233330793 a composite number?
False
Is 1070070691 a composite number?
False
Is 10159407421 a prime number?
False
Is 815841359 a prime number?
False
Is 3060413711 composite?
True
Is 4385670901 prime?
True
Is 696187813 prime?
False
Is 173330057 composite?
False
Is 2362618451 a composite number?
False
Is 1406894393 composite?
True
Is 30953511181 prime?
True
Is 128597997317 composite?
False
Is 1196401103 composite?
False
Is 18886177117 prime?
True
Is 50970680093 composite?
False
Is 99579629 a composite number?
True
Is 476406253 a prime number?
True
Is 8049291557 a prime number?
True
Is 1667408507 prime?
True
Is 24029212387 a composite number?
True
Is 209329163 prime?
False
Is 482973433 a composite number?
True
Is 276942785323 a composite number?
False
Is 706890146 a composite number?
True
Is 4163903569 a composite number?
True
Is 55338924421 prime?
False
Is 998584837 a composite number?
False
Is 50227695017 composite?
False
Is 5059064191 a prime number?
True
Is 2159996851 composite?
False
Is 11486226481 prime?
True
Is 37744682753 composite?
False
Is 2410698161 prime?
True
Is 55472709151 prime?
True
Is 269003783 composite?
False
Is 89709434659 prime?
False
Is 31987987 prime?
True
Is 3855218273 composite?
False
Is 928241641 a prime number?
False
Is 530257762 a prime number?
False
Is 5185148011 a composite number?
True
Is 2047385183 composite?
False
Is 2035592267 a composite number?
False
Is 1194388381 a prime number?
True
Is 935614679 a composite number?
False
Is 512979203 composite?
True
Is 645814271 composite?
False
Is 135091039 a prime number?
True
Is 4168767767 a composite number?
False
Is 3226032437 composite?
True
Is 25617719459 a prime number?
False
Is 7110312527 a prime number?
False
Is 268191991 composite?
False
Is 342319139 composite?
False
Is 505541329 a composite number?
False
Is 686548123 composite?
False
Is 146508701 a composite number?
False
Is 620023919 prime?
False
Is 8394650086 a composite number?
True
Is 6732555131 a prime number?
False
Is 2524693427 prime?
False
Is 6779098723 composite?
False
Is 961061207 a composite number?
True
Is 181687515007 a prime number?
False
Is 16766807 a prime number?
False
Is 25183583 a prime number?
False
Is 100134550207 prime?
True
Is 5671501247 composite?
False
Is 3466921723 prime?
False
Is 2326386899 composite?
False
Is 59928749363 prime?
False
Is 33054199637 a prime number?
True
Is 6697163021 a composite number?
True
Is 12984235073 composite?
False
Is 50840756513 a composite number?
False
Is 13348151221 a composite number?
False
Is 243348226399 prime?
False
Is 72476683777 prime?
False
Is 960740657 composite?
True
Is 2949770423 prime?
True
Is 704942587 prime?
False
Is 1474262221 composite?
False
Is 2022113435 a composite number?
True
Is 54409267277 prime?
False
Is 6095965929 a prime number?
False
Is 14576669729 a prime number?
False
Is 167855437 a composite number?
False
Is 57361674889 a composite number?
True
Is 761065771 a composite number?
True
Is 1818489743 a prime number?
False
Is 588900974 composite?
True
Is 35151307621 a prime number?
True
Is 63853032923 composite?
True
Is 2279388431 a prime number?
True
Is 251884823 a composite number?
True
Is 1252663759 a composite number?
True
Is 1988356063 a prime number?
False
Is 416575231 composite?